Last updated on 2021-11-01 00:49:35 CET.
Flavor | Version | Tinstall | Tcheck | Ttotal | Status | Flags |
---|---|---|---|---|---|---|
r-devel-linux-x86_64-debian-clang | 1.0.2 | 5.21 | 33.00 | 38.21 | OK | |
r-devel-linux-x86_64-debian-gcc | 1.0.2 | 4.54 | 25.55 | 30.09 | OK | |
r-devel-linux-x86_64-fedora-clang | 1.0.2 | 59.02 | OK | |||
r-devel-linux-x86_64-fedora-gcc | 1.0.2 | 47.18 | OK | |||
r-devel-windows-x86_64 | 1.0.2 | 9.00 | 53.00 | 62.00 | OK | |
r-devel-windows-x86_64-gcc10-UCRT | 1.0.2 | OK | ||||
r-patched-linux-x86_64 | 1.0.2 | 5.97 | 32.29 | 38.26 | OK | |
r-patched-solaris-x86 | 1.0.2 | 63.90 | OK | |||
r-release-linux-x86_64 | 1.0.2 | 5.21 | 31.94 | 37.15 | OK | |
r-release-macos-arm64 | 1.0.2 | NOTE | ||||
r-release-macos-x86_64 | 1.0.2 | OK | ||||
r-release-windows-ix86+x86_64 | 1.0.2 | 10.00 | 51.00 | 61.00 | OK | |
r-oldrel-macos-x86_64 | 1.0.2 | OK | ||||
r-oldrel-windows-ix86+x86_64 | 1.0.2 | 9.00 | 51.00 | 60.00 | OK |
Version: 1.0.2
Check: package dependencies
Result: NOTE
Package which this enhances but not available for checking: ‘RGtk2’
Flavor: r-release-macos-arm64