Last updated on 2021-11-01 00:49:34 CET.
Flavor | Version | Tinstall | Tcheck | Ttotal | Status | Flags |
---|---|---|---|---|---|---|
r-devel-linux-x86_64-debian-clang | 0.8.1 | 125.89 | 497.16 | 623.05 | OK | |
r-devel-linux-x86_64-debian-gcc | 0.8.1 | 100.51 | 371.85 | 472.36 | OK | |
r-devel-linux-x86_64-fedora-clang | 0.8.1 | 692.65 | NOTE | |||
r-devel-linux-x86_64-fedora-gcc | 0.8.1 | 629.95 | OK | |||
r-devel-windows-x86_64 | 0.8.1 | 181.00 | 364.00 | 545.00 | OK | |
r-devel-windows-x86_64-gcc10-UCRT | 0.8.1 | OK | ||||
r-patched-linux-x86_64 | 0.8.1 | 113.21 | 432.84 | 546.05 | OK | |
r-patched-solaris-x86 | 0.8.1 | 526.40 | OK | |||
r-release-linux-x86_64 | 0.8.1 | 118.38 | 426.76 | 545.14 | OK | |
r-release-macos-arm64 | 0.8.1 | NOTE | ||||
r-release-macos-x86_64 | 0.8.1 | NOTE | ||||
r-release-windows-ix86+x86_64 | 0.8.1 | 251.00 | 458.00 | 709.00 | OK | |
r-oldrel-macos-x86_64 | 0.8.1 | NOTE | ||||
r-oldrel-windows-ix86+x86_64 | 0.8.1 | 247.00 | 425.00 | 672.00 | OK |
Version: 0.8.1
Check: installed package size
Result: NOTE
installed size is 8.2Mb
sub-directories of 1Mb or more:
libs 7.0Mb
Flavors: r-devel-linux-x86_64-fedora-clang, r-release-macos-arm64, r-release-macos-x86_64, r-oldrel-macos-x86_64