Last updated on 2021-11-01 00:49:34 CET.
Flavor | Version | Tinstall | Tcheck | Ttotal | Status | Flags |
---|---|---|---|---|---|---|
r-devel-linux-x86_64-debian-clang | 2015.12-2 | 8.85 | 59.78 | 68.63 | OK | |
r-devel-linux-x86_64-debian-gcc | 2015.12-2 | 6.65 | 46.76 | 53.41 | OK | |
r-devel-linux-x86_64-fedora-clang | 2015.12-2 | 98.09 | WARN | |||
r-devel-linux-x86_64-fedora-gcc | 2015.12-2 | 83.47 | OK | |||
r-devel-windows-x86_64 | 2015.12-2 | 12.00 | 83.00 | 95.00 | OK | |
r-devel-windows-x86_64-gcc10-UCRT | 2015.12-2 | OK | ||||
r-patched-linux-x86_64 | 2015.12-2 | 12.52 | 59.98 | 72.50 | OK | |
r-patched-solaris-x86 | 2015.12-2 | 131.10 | OK | |||
r-release-linux-x86_64 | 2015.12-2 | 8.12 | 58.32 | 66.44 | OK | |
r-release-macos-arm64 | 2015.12-2 | ERROR | ||||
r-release-macos-x86_64 | 2015.12-2 | OK | ||||
r-release-windows-ix86+x86_64 | 2015.12-2 | 12.00 | 59.00 | 71.00 | OK | |
r-oldrel-macos-x86_64 | 2015.12-2 | OK | ||||
r-oldrel-windows-ix86+x86_64 | 2015.12-2 | 11.00 | 90.00 | 101.00 | OK |
Version: 2015.12-2
Check: package dependencies
Result: WARN
Requires orphaned package: ‘RGtk2’
Flavor: r-devel-linux-x86_64-fedora-clang
Version: 2015.12-2
Check: package dependencies
Result: ERROR
Package required but not available: ‘RGtk2’
See section ‘The DESCRIPTION file’ in the ‘Writing R Extensions’
manual.
Flavor: r-release-macos-arm64