CRAN Package Check Results for Package C443

Last updated on 2021-11-01 00:49:33 CET.

Flavor Version Tinstall Tcheck Ttotal Status Flags
r-devel-linux-x86_64-debian-clang 3.2.2 10.60 121.94 132.54 OK
r-devel-linux-x86_64-debian-gcc 3.2.2 8.69 90.08 98.77 OK
r-devel-linux-x86_64-fedora-clang 3.2.2 172.12 NOTE
r-devel-linux-x86_64-fedora-gcc 3.2.2 153.87 NOTE
r-devel-windows-x86_64 3.2.2 19.00 145.00 164.00 OK
r-devel-windows-x86_64-gcc10-UCRT 3.2.2 NOTE
r-patched-linux-x86_64 3.2.2 10.13 114.94 125.07 OK
r-patched-solaris-x86 3.2.2 221.20 NOTE
r-release-linux-x86_64 3.2.2 9.88 113.69 123.57 OK
r-release-macos-arm64 3.2.2 NOTE
r-release-macos-x86_64 3.2.2 NOTE
r-release-windows-ix86+x86_64 3.2.2 22.00 122.00 144.00 OK
r-oldrel-macos-x86_64 3.2.2 NOTE
r-oldrel-windows-ix86+x86_64 3.2.2 20.00 101.00 121.00 OK

Check Details

Version: 3.2.2
Check: dependencies in R code
Result: NOTE
    Namespaces in Imports field not imported from:
     ‘qgraph’ ‘reshape2’
     All declared Imports should be used.
Flavors: r-devel-linux-x86_64-fedora-clang, r-devel-linux-x86_64-fedora-gcc, r-devel-windows-x86_64-gcc10-UCRT, r-patched-solaris-x86, r-release-macos-arm64, r-release-macos-x86_64, r-oldrel-macos-x86_64