CRAN Package Check Results for Package Buddle

Last updated on 2021-11-01 00:49:33 CET.

Flavor Version Tinstall Tcheck Ttotal Status Flags
r-devel-linux-x86_64-debian-clang 2.0.1 47.27 32.00 79.27 OK
r-devel-linux-x86_64-debian-gcc 2.0.1 36.63 25.35 61.98 OK
r-devel-linux-x86_64-fedora-clang 2.0.1 121.90 OK
r-devel-linux-x86_64-fedora-gcc 2.0.1 107.29 OK
r-devel-windows-x86_64 2.0.1 59.00 60.00 119.00 OK
r-devel-windows-x86_64-gcc10-UCRT 2.0.1 OK
r-patched-linux-x86_64 2.0.1 42.51 31.63 74.14 OK
r-patched-solaris-x86 2.0.1 110.60 OK
r-release-linux-x86_64 2.0.1 41.59 31.62 73.21 OK
r-release-macos-arm64 2.0.1 NOTE
r-release-macos-x86_64 2.0.1 NOTE
r-release-windows-ix86+x86_64 2.0.1 88.00 60.00 148.00 OK
r-oldrel-macos-x86_64 2.0.1 NOTE
r-oldrel-windows-ix86+x86_64 2.0.1 87.00 74.00 161.00 OK

Check Details

Version: 2.0.1
Check: installed package size
Result: NOTE
     installed size is 5.6Mb
     sub-directories of 1Mb or more:
     libs 5.4Mb
Flavors: r-release-macos-arm64, r-release-macos-x86_64, r-oldrel-macos-x86_64