CRAN Package Check Results for Package Boom

Last updated on 2021-11-01 00:49:33 CET.

Flavor Version Tinstall Tcheck Ttotal Status Flags
r-devel-linux-x86_64-debian-clang 0.9.7 1682.88 41.24 1724.12 NOTE
r-devel-linux-x86_64-debian-gcc 0.9.7 1163.85 39.39 1203.24 NOTE
r-devel-linux-x86_64-fedora-clang 0.9.7 2759.29 NOTE
r-devel-linux-x86_64-fedora-gcc 0.9.7 2146.68 NOTE
r-devel-windows-x86_64 0.9.7 1866.00 73.00 1939.00 NOTE
r-devel-windows-x86_64-gcc10-UCRT 0.9.7 NOTE
r-patched-linux-x86_64 0.9.7 1581.72 49.06 1630.78 NOTE
r-release-linux-x86_64 0.9.7 1582.55 49.00 1631.55 NOTE
r-release-macos-arm64 0.9.7 NOTE
r-release-macos-x86_64 0.9.7 NOTE
r-release-windows-ix86+x86_64 0.9.7 3044.00 61.00 3105.00 NOTE
r-oldrel-macos-x86_64 0.9.7 NOTE
r-oldrel-windows-ix86+x86_64 0.9.7 3053.00 69.00 3122.00 NOTE

Check Details

Version: 0.9.7
Check: for GNU extensions in Makefiles
Result: NOTE
    GNU make is a SystemRequirements.
Flavors: r-devel-linux-x86_64-debian-clang, r-devel-linux-x86_64-debian-gcc, r-devel-linux-x86_64-fedora-clang, r-devel-linux-x86_64-fedora-gcc, r-devel-windows-x86_64, r-devel-windows-x86_64-gcc10-UCRT, r-patched-linux-x86_64, r-release-linux-x86_64, r-release-macos-arm64, r-release-macos-x86_64, r-release-windows-ix86+x86_64, r-oldrel-macos-x86_64, r-oldrel-windows-ix86+x86_64

Version: 0.9.7
Check: installed package size
Result: NOTE
     installed size is 304.0Mb
     sub-directories of 1Mb or more:
     include 9.0Mb
     lib 294.6Mb
Flavors: r-devel-linux-x86_64-fedora-clang, r-devel-windows-x86_64, r-release-macos-arm64, r-release-macos-x86_64, r-release-windows-ix86+x86_64, r-oldrel-macos-x86_64, r-oldrel-windows-ix86+x86_64