CRAN Package Check Results for Package BlockCov

Last updated on 2021-11-01 00:49:33 CET.

Flavor Version Tinstall Tcheck Ttotal Status Flags
r-devel-linux-x86_64-debian-clang 0.1.1 9.14 96.58 105.72 NOTE
r-devel-linux-x86_64-debian-gcc 0.1.1 7.20 72.44 79.64 NOTE
r-devel-linux-x86_64-fedora-clang 0.1.1 141.71 NOTE
r-devel-linux-x86_64-fedora-gcc 0.1.1 123.81 NOTE
r-devel-windows-x86_64 0.1.1 14.00 128.00 142.00 NOTE
r-devel-windows-x86_64-gcc10-UCRT 0.1.1 NOTE
r-patched-linux-x86_64 0.1.1 7.79 79.03 86.82 NOTE
r-patched-solaris-x86 0.1.1 165.20 NOTE
r-release-linux-x86_64 0.1.1 9.31 79.10 88.41 NOTE
r-release-macos-arm64 0.1.1 NOTE
r-release-macos-x86_64 0.1.1 NOTE
r-release-windows-ix86+x86_64 0.1.1 17.00 82.00 99.00 NOTE
r-oldrel-macos-x86_64 0.1.1 OK
r-oldrel-windows-ix86+x86_64 0.1.1 16.00 77.00 93.00 OK

Check Details

Version: 0.1.1
Check: LazyData
Result: NOTE
     'LazyData' is specified without a 'data' directory
Flavors: r-devel-linux-x86_64-debian-clang, r-devel-linux-x86_64-debian-gcc, r-devel-linux-x86_64-fedora-clang, r-devel-linux-x86_64-fedora-gcc, r-devel-windows-x86_64, r-devel-windows-x86_64-gcc10-UCRT, r-patched-linux-x86_64, r-patched-solaris-x86, r-release-linux-x86_64, r-release-macos-arm64, r-release-macos-x86_64, r-release-windows-ix86+x86_64