CRAN Package Check Results for Package Biolinv

Last updated on 2021-11-01 00:49:32 CET.

Flavor Version Tinstall Tcheck Ttotal Status Flags
r-devel-linux-x86_64-debian-clang 0.1-3 36.61 287.14 323.75 OK
r-devel-linux-x86_64-debian-gcc 0.1-3 25.74 213.74 239.48 OK
r-devel-linux-x86_64-fedora-clang 0.1-3 421.11 NOTE
r-devel-linux-x86_64-fedora-gcc 0.1-3 399.24 NOTE
r-devel-windows-x86_64 0.1-3 49.00 333.00 382.00 OK
r-devel-windows-x86_64-gcc10-UCRT 0.1-3 NOTE
r-patched-linux-x86_64 0.1-3 25.33 275.97 301.30 OK
r-patched-solaris-x86 0.1-3 483.50 NOTE
r-release-linux-x86_64 0.1-3 33.51 278.42 311.93 OK
r-release-macos-arm64 0.1-3 NOTE
r-release-macos-x86_64 0.1-3 NOTE
r-release-windows-ix86+x86_64 0.1-3 47.00 235.00 282.00 OK
r-oldrel-macos-x86_64 0.1-3 NOTE
r-oldrel-windows-ix86+x86_64 0.1-3 55.00 282.00 337.00 OK

Check Details

Version: 0.1-3
Check: dependencies in R code
Result: NOTE
    Namespace in Imports field not imported from: ‘spatstat’
     All declared Imports should be used.
Flavors: r-devel-linux-x86_64-fedora-clang, r-devel-linux-x86_64-fedora-gcc, r-devel-windows-x86_64-gcc10-UCRT, r-patched-solaris-x86, r-release-macos-arm64, r-release-macos-x86_64, r-oldrel-macos-x86_64