CRAN Package Check Results for Package BayesNetBP

Last updated on 2021-11-01 00:49:32 CET.

Flavor Version Tinstall Tcheck Ttotal Status Flags
r-devel-linux-x86_64-debian-clang 1.5.9 15.26 143.00 158.26 NOTE
r-devel-linux-x86_64-debian-gcc 1.5.9 14.78 108.24 123.02 NOTE
r-devel-linux-x86_64-fedora-clang 1.5.9 211.43 NOTE
r-devel-linux-x86_64-fedora-gcc 1.5.9 197.26 NOTE
r-devel-windows-x86_64 1.5.9 26.00 168.00 194.00 NOTE
r-devel-windows-x86_64-gcc10-UCRT 1.5.9 NOTE
r-patched-linux-x86_64 1.5.9 15.49 137.54 153.03 NOTE
r-patched-solaris-x86 1.5.9 261.90 NOTE
r-release-linux-x86_64 1.5.9 13.94 137.33 151.27 NOTE
r-release-macos-arm64 1.5.9 NOTE
r-release-macos-x86_64 1.5.9 NOTE
r-release-windows-ix86+x86_64 1.5.9 29.00 125.00 154.00 NOTE
r-oldrel-macos-x86_64 1.5.9 NOTE
r-oldrel-windows-ix86+x86_64 1.5.9 28.00 149.00 177.00 NOTE

Check Details

Version: 1.5.9
Check: package dependencies
Result: NOTE
    Package suggested but not available for checking: 'cyjShiny'
Flavors: r-devel-linux-x86_64-debian-clang, r-devel-linux-x86_64-debian-gcc, r-devel-linux-x86_64-fedora-clang, r-devel-linux-x86_64-fedora-gcc, r-devel-windows-x86_64, r-devel-windows-x86_64-gcc10-UCRT, r-patched-linux-x86_64, r-patched-solaris-x86, r-release-linux-x86_64, r-release-macos-x86_64, r-release-windows-ix86+x86_64, r-oldrel-macos-x86_64, r-oldrel-windows-ix86+x86_64

Version: 1.5.9
Check: package dependencies
Result: NOTE
    Packages suggested but not available for checking: 'cyjShiny', 'qtlnet'
Flavor: r-release-macos-arm64