CRAN Package Check Results for Package BasketballAnalyzeR

Last updated on 2021-11-01 00:49:32 CET.

Flavor Version Tinstall Tcheck Ttotal Status Flags
r-devel-linux-x86_64-debian-clang 0.5.0 14.34 171.49 185.83 OK
r-devel-linux-x86_64-debian-gcc 0.5.0 11.62 125.08 136.70 OK
r-devel-linux-x86_64-fedora-clang 0.5.0 234.66 NOTE
r-devel-linux-x86_64-fedora-gcc 0.5.0 217.65 NOTE
r-devel-windows-x86_64 0.5.0 24.00 210.00 234.00 OK
r-devel-windows-x86_64-gcc10-UCRT 0.5.0 NOTE
r-patched-linux-x86_64 0.5.0 19.01 161.42 180.43 OK
r-patched-solaris-x86 0.5.0 296.50 NOTE
r-release-linux-x86_64 0.5.0 12.83 161.22 174.05 OK
r-release-macos-arm64 0.5.0 NOTE
r-release-macos-x86_64 0.5.0 NOTE
r-release-windows-ix86+x86_64 0.5.0 22.00 146.00 168.00 OK
r-oldrel-macos-x86_64 0.5.0 NOTE
r-oldrel-windows-ix86+x86_64 0.5.0 24.00 166.00 190.00 OK

Check Details

Version: 0.5.0
Check: package dependencies
Result: NOTE
    Imports includes 25 non-default packages.
    Importing from so many packages makes the package vulnerable to any of
    them becoming unavailable. Move as many as possible to Suggests and
    use conditionally.
Flavor: r-devel-linux-x86_64-fedora-clang

Version: 0.5.0
Check: dependencies in R code
Result: NOTE
    Namespaces in Imports field not imported from:
     ‘circlize’ ‘hexbin’ ‘scales’ ‘sna’
     All declared Imports should be used.
Flavors: r-devel-linux-x86_64-fedora-clang, r-devel-linux-x86_64-fedora-gcc, r-devel-windows-x86_64-gcc10-UCRT, r-patched-solaris-x86, r-release-macos-arm64, r-release-macos-x86_64, r-oldrel-macos-x86_64