CRAN Package Check Results for Package BaseSet

Last updated on 2021-11-01 00:49:32 CET.

Flavor Version Tinstall Tcheck Ttotal Status Flags
r-devel-linux-x86_64-debian-clang 0.0.17 9.59 304.61 314.20 OK
r-devel-linux-x86_64-debian-gcc 0.0.17 7.71 221.92 229.63 OK
r-devel-linux-x86_64-fedora-clang 0.0.17 394.14 OK
r-devel-linux-x86_64-fedora-gcc 0.0.17 371.62 OK
r-devel-windows-x86_64 0.0.17 17.00 356.00 373.00 OK
r-devel-windows-x86_64-gcc10-UCRT 0.0.17 OK
r-patched-linux-x86_64 0.0.17 11.90 290.99 302.89 OK
r-patched-solaris-x86 0.0.17 158.30 OK
r-release-linux-x86_64 0.0.17 8.33 289.83 298.16 OK
r-release-macos-arm64 0.0.17 NOTE
r-release-macos-x86_64 0.0.17 NOTE
r-release-windows-ix86+x86_64 0.0.17 16.00 262.00 278.00 OK
r-oldrel-macos-x86_64 0.0.17 NOTE
r-oldrel-windows-ix86+x86_64 0.0.17 16.00 272.00 288.00 OK

Check Details

Version: 0.0.17
Check: package dependencies
Result: NOTE
    Packages suggested but not available for checking:
     'GO.db', 'GSEABase', 'org.Hs.eg.db', 'reactome.db'
Flavor: r-release-macos-arm64

Version: 0.0.17
Check: package dependencies
Result: NOTE
    Packages suggested but not available for checking:
     'GO.db', 'org.Hs.eg.db', 'reactome.db'
Flavor: r-release-macos-x86_64

Version: 0.0.17
Check: package dependencies
Result: NOTE
    Package suggested but not available for checking: ‘reactome.db’
Flavor: r-oldrel-macos-x86_64