CRAN Package Check Results for Package BacArena

Last updated on 2021-11-01 00:49:32 CET.

Flavor Version Tinstall Tcheck Ttotal Status Flags
r-devel-linux-x86_64-debian-clang 1.8.2 89.86 340.81 430.67 OK
r-devel-linux-x86_64-debian-gcc 1.8.2 71.71 261.74 333.45 OK
r-devel-linux-x86_64-fedora-clang 1.8.2 575.61 NOTE
r-devel-linux-x86_64-fedora-gcc 1.8.2 572.36 NOTE
r-devel-windows-x86_64 1.8.2 129.00 436.00 565.00 NOTE
r-devel-windows-x86_64-gcc10-UCRT 1.8.2 NOTE
r-patched-linux-x86_64 1.8.2 88.91 333.63 422.54 OK
r-patched-solaris-x86 1.8.2 503.10 NOTE
r-release-linux-x86_64 1.8.2 83.35 331.67 415.02 OK
r-release-macos-arm64 1.8.2 NOTE
r-release-macos-x86_64 1.8.2 NOTE
r-release-windows-ix86+x86_64 1.8.2 154.00 440.00 594.00 NOTE
r-oldrel-macos-x86_64 1.8.2 NOTE
r-oldrel-windows-ix86+x86_64 1.8.2 154.00 526.00 680.00 NOTE

Check Details

Version: 1.8.2
Check: installed package size
Result: NOTE
     installed size is 7.9Mb
     sub-directories of 1Mb or more:
     R 1.2Mb
     data 3.3Mb
     libs 2.7Mb
Flavors: r-devel-linux-x86_64-fedora-clang, r-devel-windows-x86_64, r-patched-solaris-x86, r-release-macos-arm64, r-release-macos-x86_64, r-release-windows-ix86+x86_64, r-oldrel-macos-x86_64, r-oldrel-windows-ix86+x86_64

Version: 1.8.2
Check: dependencies in R code
Result: NOTE
    Namespace in Imports field not imported from: ‘glpkAPI’
     All declared Imports should be used.
Flavors: r-devel-linux-x86_64-fedora-clang, r-devel-linux-x86_64-fedora-gcc, r-devel-windows-x86_64-gcc10-UCRT, r-patched-solaris-x86, r-release-macos-arm64, r-release-macos-x86_64, r-oldrel-macos-x86_64