CRAN Package Check Results for Package BNPmix

Last updated on 2021-11-01 00:49:33 CET.

Flavor Version Tinstall Tcheck Ttotal Status Flags
r-devel-linux-x86_64-debian-clang 0.2.9 244.12 117.04 361.16 OK
r-devel-linux-x86_64-debian-gcc 0.2.9 184.77 88.23 273.00 OK
r-devel-linux-x86_64-fedora-clang 0.2.9 564.21 NOTE
r-devel-linux-x86_64-fedora-gcc 0.2.9 488.88 OK
r-devel-windows-x86_64 0.2.9 282.00 154.00 436.00 OK
r-devel-windows-x86_64-gcc10-UCRT 0.2.9 OK
r-patched-linux-x86_64 0.2.9 214.26 112.18 326.44 OK
r-patched-solaris-x86 0.2.9 473.50 OK
r-release-linux-x86_64 0.2.9 217.76 111.45 329.21 OK
r-release-macos-arm64 0.2.9 NOTE
r-release-macos-x86_64 0.2.9 NOTE
r-release-windows-ix86+x86_64 0.2.9 403.00 141.00 544.00 NOTE
r-oldrel-macos-x86_64 0.2.9 NOTE
r-oldrel-windows-ix86+x86_64 0.2.9 406.00 165.00 571.00 NOTE

Check Details

Version: 0.2.9
Check: installed package size
Result: NOTE
     installed size is 15.9Mb
     sub-directories of 1Mb or more:
     libs 14.7Mb
Flavors: r-devel-linux-x86_64-fedora-clang, r-release-macos-arm64, r-release-macos-x86_64, r-release-windows-ix86+x86_64, r-oldrel-macos-x86_64, r-oldrel-windows-ix86+x86_64