CRAN Package Check Results for Package BBcor

Last updated on 2021-11-01 00:49:32 CET.

Flavor Version Tinstall Tcheck Ttotal Status Flags
r-devel-linux-x86_64-debian-clang 1.0.3 5.37 58.94 64.31 OK
r-devel-linux-x86_64-debian-gcc 1.0.3 4.14 45.87 50.01 OK
r-devel-linux-x86_64-fedora-clang 1.0.3 89.90 NOTE
r-devel-linux-x86_64-fedora-gcc 1.0.3 73.02 NOTE
r-devel-windows-x86_64 1.0.3 9.00 102.00 111.00 OK
r-devel-windows-x86_64-gcc10-UCRT 1.0.3 NOTE
r-patched-linux-x86_64 1.0.3 5.47 55.86 61.33 OK
r-patched-solaris-x86 1.0.3 168.80 NOTE
r-release-linux-x86_64 1.0.3 5.41 54.78 60.19 OK
r-release-macos-arm64 1.0.3 NOTE
r-release-macos-x86_64 1.0.3 NOTE
r-release-windows-ix86+x86_64 1.0.3 11.00 76.00 87.00 OK
r-oldrel-macos-x86_64 1.0.3 NOTE
r-oldrel-windows-ix86+x86_64 1.0.3 11.00 90.00 101.00 OK

Check Details

Version: 1.0.3
Check: dependencies in R code
Result: NOTE
    Namespace in Imports field not imported from: ‘Rdpack’
     All declared Imports should be used.
Flavors: r-devel-linux-x86_64-fedora-clang, r-devel-linux-x86_64-fedora-gcc, r-devel-windows-x86_64-gcc10-UCRT, r-patched-solaris-x86, r-release-macos-arm64, r-release-macos-x86_64, r-oldrel-macos-x86_64