CRAN Package Check Results for Package AutoPipe

Last updated on 2021-11-01 00:49:32 CET.

Flavor Version Tinstall Tcheck Ttotal Status Flags
r-devel-linux-x86_64-debian-clang 0.1.6 20.79 176.74 197.53 OK
r-devel-linux-x86_64-debian-gcc 0.1.6 17.24 135.02 152.26 OK
r-devel-linux-x86_64-fedora-clang 0.1.6 249.15 OK
r-devel-linux-x86_64-fedora-gcc 0.1.6 229.72 OK
r-devel-windows-x86_64 0.1.6 30.00 191.00 221.00 OK
r-devel-windows-x86_64-gcc10-UCRT 0.1.6 OK
r-patched-linux-x86_64 0.1.6 19.24 169.97 189.21 OK
r-patched-solaris-x86 0.1.6 306.50 OK
r-release-linux-x86_64 0.1.6 17.68 168.12 185.80 OK
r-release-macos-arm64 0.1.6 OK
r-release-macos-x86_64 0.1.6 ERROR
r-release-windows-ix86+x86_64 0.1.6 31.00 140.00 171.00 OK
r-oldrel-macos-x86_64 0.1.6 ERROR
r-oldrel-windows-ix86+x86_64 0.1.6 26.00 136.00 162.00 OK

Check Details

Version: 0.1.6
Check: package dependencies
Result: ERROR
    Packages required but not available:
     'fgsea', 'org.Hs.eg.db', 'ConsensusClusterPlus', 'clusterProfiler'
    
    See section ‘The DESCRIPTION file’ in the ‘Writing R Extensions’
    manual.
Flavor: r-release-macos-x86_64

Version: 0.1.6
Check: package dependencies
Result: ERROR
    Packages required but not available:
     'fgsea', 'ConsensusClusterPlus', 'clusterProfiler'
    
    See section ‘The DESCRIPTION file’ in the ‘Writing R Extensions’
    manual.
Flavor: r-oldrel-macos-x86_64