CRAN Package Check Results for Package AsyK

Last updated on 2021-11-01 00:49:32 CET.

Flavor Version Tinstall Tcheck Ttotal Status Flags
r-devel-linux-x86_64-debian-clang 1.5.4 9.67 65.83 75.50 NOTE
r-devel-linux-x86_64-debian-gcc 1.5.4 7.01 49.32 56.33 NOTE
r-devel-linux-x86_64-fedora-clang 1.5.4 99.65 NOTE
r-devel-linux-x86_64-fedora-gcc 1.5.4 86.00 NOTE
r-devel-windows-x86_64 1.5.4 14.00 89.00 103.00 NOTE
r-devel-windows-x86_64-gcc10-UCRT 1.5.4 NOTE
r-patched-linux-x86_64 1.5.4 9.53 62.06 71.59 NOTE
r-patched-solaris-x86 1.5.4 128.70 NOTE
r-release-linux-x86_64 1.5.4 8.42 62.25 70.67 NOTE
r-release-macos-arm64 1.5.4 NOTE
r-release-macos-x86_64 1.5.4 NOTE
r-release-windows-ix86+x86_64 1.5.4 16.00 72.00 88.00 NOTE
r-oldrel-macos-x86_64 1.5.4 OK
r-oldrel-windows-ix86+x86_64 1.5.4 15.00 75.00 90.00 OK

Check Details

Version: 1.5.4
Check: LazyData
Result: NOTE
     'LazyData' is specified without a 'data' directory
Flavors: r-devel-linux-x86_64-debian-clang, r-devel-linux-x86_64-debian-gcc, r-devel-linux-x86_64-fedora-clang, r-devel-linux-x86_64-fedora-gcc, r-devel-windows-x86_64, r-devel-windows-x86_64-gcc10-UCRT, r-patched-linux-x86_64, r-patched-solaris-x86, r-release-linux-x86_64, r-release-macos-arm64, r-release-macos-x86_64, r-release-windows-ix86+x86_64