CRAN Package Check Results for Package AssetCorr

Last updated on 2021-11-01 00:49:31 CET.

Flavor Version Tinstall Tcheck Ttotal Status Flags
r-devel-linux-x86_64-debian-clang 1.0.4 12.04 276.68 288.72 OK
r-devel-linux-x86_64-debian-gcc 1.0.4 8.32 198.14 206.46 OK
r-devel-linux-x86_64-fedora-clang 1.0.4 344.90 NOTE
r-devel-linux-x86_64-fedora-gcc 1.0.4 332.68 NOTE
r-devel-windows-x86_64 1.0.4 18.00 356.00 374.00 OK
r-devel-windows-x86_64-gcc10-UCRT 1.0.4 NOTE
r-patched-linux-x86_64 1.0.4 10.45 80.21 90.66 OK
r-patched-solaris-x86 1.0.4 152.20 NOTE
r-release-linux-x86_64 1.0.4 10.36 80.46 90.82 OK
r-release-macos-arm64 1.0.4 NOTE
r-release-macos-x86_64 1.0.4 NOTE
r-release-windows-ix86+x86_64 1.0.4 18.00 76.00 94.00 OK
r-oldrel-macos-x86_64 1.0.4 NOTE
r-oldrel-windows-ix86+x86_64 1.0.4 16.00 94.00 110.00 OK

Check Details

Version: 1.0.4
Check: dependencies in R code
Result: NOTE
    Namespace in Imports field not imported from: ‘knitr’
     All declared Imports should be used.
Flavors: r-devel-linux-x86_64-fedora-clang, r-devel-linux-x86_64-fedora-gcc, r-devel-windows-x86_64-gcc10-UCRT, r-patched-solaris-x86, r-release-macos-arm64, r-release-macos-x86_64, r-oldrel-macos-x86_64