Last updated on 2021-11-01 00:49:31 CET.
Flavor | Version | Tinstall | Tcheck | Ttotal | Status | Flags |
---|---|---|---|---|---|---|
r-devel-linux-x86_64-debian-clang | 1.2.0 | 11.52 | 39.42 | 50.94 | OK | |
r-devel-linux-x86_64-debian-gcc | 1.2.0 | 5.39 | 30.88 | 36.27 | OK | |
r-devel-linux-x86_64-fedora-clang | 1.2.0 | 76.87 | NOTE | |||
r-devel-linux-x86_64-fedora-gcc | 1.2.0 | 60.84 | NOTE | |||
r-devel-windows-x86_64 | 1.2.0 | 12.00 | 56.00 | 68.00 | OK | |
r-devel-windows-x86_64-gcc10-UCRT | 1.2.0 | OK | ||||
r-patched-linux-x86_64 | 1.2.0 | 6.90 | 39.20 | 46.10 | OK | |
r-patched-solaris-x86 | 1.2.0 | 89.10 | OK | |||
r-release-linux-x86_64 | 1.2.0 | 6.42 | 39.15 | 45.57 | OK | |
r-release-macos-arm64 | 1.2.0 | OK | ||||
r-release-macos-x86_64 | 1.2.0 | OK | ||||
r-release-windows-ix86+x86_64 | 1.2.0 | 18.00 | 64.00 | 82.00 | OK | |
r-oldrel-macos-x86_64 | 1.2.0 | OK | ||||
r-oldrel-windows-ix86+x86_64 | 1.2.0 | 16.00 | 63.00 | 79.00 | OK |
Version: 1.2.0
Check: compiled code
Result: NOTE
File ‘AlgDesign/libs/AlgDesign.so’:
Found no calls to: ‘R_registerRoutines’, ‘R_useDynamicSymbols’
It is good practice to register native routines and to disable symbol
search.
See ‘Writing portable packages’ in the ‘Writing R Extensions’ manual.
Flavors: r-devel-linux-x86_64-fedora-clang, r-devel-linux-x86_64-fedora-gcc