Last updated on 2021-11-01 00:49:31 CET.
Flavor | Version | Tinstall | Tcheck | Ttotal | Status | Flags |
---|---|---|---|---|---|---|
r-devel-linux-x86_64-debian-clang | 1.0.8 | 15.40 | 166.33 | 181.73 | OK | |
r-devel-linux-x86_64-debian-gcc | 1.0.8 | 12.01 | 123.67 | 135.68 | OK | |
r-devel-linux-x86_64-fedora-clang | 1.0.8 | 224.00 | NOTE | |||
r-devel-linux-x86_64-fedora-gcc | 1.0.8 | 210.68 | NOTE | |||
r-devel-windows-x86_64 | 1.0.8 | 24.00 | 241.00 | 265.00 | OK | |
r-devel-windows-x86_64-gcc10-UCRT | 1.0.8 | NOTE | ||||
r-patched-linux-x86_64 | 1.0.8 | 15.70 | 158.95 | 174.65 | OK | |
r-patched-solaris-x86 | 1.0.8 | 6.50 | ERROR | |||
r-release-linux-x86_64 | 1.0.8 | 13.41 | 160.18 | 173.59 | OK | |
r-release-macos-arm64 | 1.0.8 | NOTE | ||||
r-release-macos-x86_64 | 1.0.8 | NOTE | ||||
r-release-windows-ix86+x86_64 | 1.0.8 | 23.00 | 182.00 | 205.00 | OK | |
r-oldrel-macos-x86_64 | 1.0.8 | NOTE | ||||
r-oldrel-windows-ix86+x86_64 | 1.0.8 | 24.00 | 190.00 | 214.00 | OK |
Version: 1.0.8
Check: package dependencies
Result: NOTE
Imports includes 34 non-default packages.
Importing from so many packages makes the package vulnerable to any of
them becoming unavailable. Move as many as possible to Suggests and
use conditionally.
Flavor: r-devel-linux-x86_64-fedora-clang
Version: 1.0.8
Check: data for non-ASCII characters
Result: NOTE
Note: found 90 marked UTF-8 strings
Flavors: r-devel-linux-x86_64-fedora-clang, r-devel-linux-x86_64-fedora-gcc, r-devel-windows-x86_64-gcc10-UCRT, r-release-macos-arm64, r-release-macos-x86_64, r-oldrel-macos-x86_64
Version: 1.0.8
Check: package dependencies
Result: ERROR
Packages required but not available:
'MazamaLocationUtils', 'MazamaSpatialUtils', 'PWFSLSmoke'
See section ‘The DESCRIPTION file’ in the ‘Writing R Extensions’
manual.
Flavor: r-patched-solaris-x86