Last updated on 2021-11-01 00:49:32 CET.
Flavor | Version | Tinstall | Tcheck | Ttotal | Status | Flags |
---|---|---|---|---|---|---|
r-devel-linux-x86_64-debian-clang | 1.2.1 | 10.86 | 93.87 | 104.73 | OK | |
r-devel-linux-x86_64-debian-gcc | 1.2.1 | 7.59 | 69.44 | 77.03 | OK | |
r-devel-linux-x86_64-fedora-clang | 1.2.1 | 134.30 | OK | |||
r-devel-linux-x86_64-fedora-gcc | 1.2.1 | 118.59 | OK | |||
r-devel-windows-x86_64 | 1.2.1 | 16.00 | 113.00 | 129.00 | OK | |
r-devel-windows-x86_64-gcc10-UCRT | 1.2.1 | OK | ||||
r-patched-linux-x86_64 | 1.2.1 | 13.06 | 88.33 | 101.39 | OK | |
r-patched-solaris-x86 | 1.2.1 | 175.70 | OK | |||
r-release-linux-x86_64 | 1.2.1 | 9.12 | 88.24 | 97.36 | OK | |
r-release-macos-arm64 | 1.2.1 | OK | ||||
r-release-macos-x86_64 | 1.2.1 | OK | ||||
r-release-windows-ix86+x86_64 | 1.2.1 | 3.00 | 9.00 | 12.00 | ERROR | |
r-oldrel-macos-x86_64 | 1.2.1 | OK | ||||
r-oldrel-windows-ix86+x86_64 | 1.2.1 | 18.00 | 103.00 | 121.00 | OK |
Version: 1.2.1
Check: whether package can be installed
Result: ERROR
Installation failed.
Flavor: r-release-windows-ix86+x86_64