CRAN Package Check Results for Package ATAforecasting

Last updated on 2021-11-01 00:49:32 CET.

Flavor Version Tinstall Tcheck Ttotal Status Flags
r-devel-linux-x86_64-debian-clang 0.0.55 55.52 192.06 247.58 OK
r-devel-linux-x86_64-debian-gcc 0.0.55 45.16 160.28 205.44 OK
r-devel-linux-x86_64-fedora-clang 0.0.55 319.52 OK
r-devel-linux-x86_64-fedora-gcc 0.0.55 291.40 OK
r-devel-windows-x86_64 0.0.55 76.00 227.00 303.00 OK
r-devel-windows-x86_64-gcc10-UCRT 0.0.55 OK
r-patched-linux-x86_64 0.0.55 54.31 180.41 234.72 OK
r-patched-solaris-x86 0.0.55 4.90 ERROR
r-release-linux-x86_64 0.0.55 58.16 206.59 264.75 OK
r-release-macos-arm64 0.0.55 OK
r-release-macos-x86_64 0.0.55 OK
r-release-windows-ix86+x86_64 0.0.55 103.00 254.00 357.00 OK
r-oldrel-macos-x86_64 0.0.54 WARN
r-oldrel-windows-ix86+x86_64 0.0.54 100.00 225.00 325.00 OK

Check Details

Version: 0.0.55
Check: package dependencies
Result: ERROR
    Package required but not available: ‘seasonal’
    
    See section ‘The DESCRIPTION file’ in the ‘Writing R Extensions’
    manual.
Flavor: r-patched-solaris-x86

Version: 0.0.54
Check: Rd files
Result: WARN
    prepare_Rd: undefined subclass "numericVector" of class "Mnumeric"; definition not updated
Flavor: r-oldrel-macos-x86_64