Last updated on 2021-11-01 00:49:31 CET.
Flavor | Version | Tinstall | Tcheck | Ttotal | Status | Flags |
---|---|---|---|---|---|---|
r-devel-linux-x86_64-debian-clang | 1.7.1 | 31.24 | 246.99 | 278.23 | OK | |
r-devel-linux-x86_64-debian-gcc | 1.7.1 | 24.02 | 187.97 | 211.99 | OK | |
r-devel-linux-x86_64-fedora-clang | 1.7.1 | 368.20 | NOTE | |||
r-devel-linux-x86_64-fedora-gcc | 1.7.1 | 329.42 | OK | |||
r-devel-windows-x86_64 | 1.7.1 | 49.00 | 340.00 | 389.00 | NOTE | |
r-devel-windows-x86_64-gcc10-UCRT | 1.7.1 | OK | ||||
r-patched-linux-x86_64 | 1.7.1 | 30.44 | 249.11 | 279.55 | OK | |
r-patched-solaris-x86 | 1.7.1 | 479.00 | NOTE | |||
r-release-linux-x86_64 | 1.7.1 | 28.77 | 251.48 | 280.25 | OK | |
r-release-macos-arm64 | 1.7.1 | NOTE | ||||
r-release-macos-x86_64 | 1.7.1 | NOTE | ||||
r-release-windows-ix86+x86_64 | 1.7.1 | 54.00 | 283.00 | 337.00 | NOTE | |
r-oldrel-macos-x86_64 | 1.7.1 | NOTE | ||||
r-oldrel-windows-ix86+x86_64 | 1.7.1 | 53.00 | 264.00 | 317.00 | NOTE |
Version: 1.7.1
Check: installed package size
Result: NOTE
installed size is 6.0Mb
sub-directories of 1Mb or more:
data 3.5Mb
Flavors: r-devel-linux-x86_64-fedora-clang, r-devel-windows-x86_64, r-patched-solaris-x86, r-release-macos-arm64, r-release-macos-x86_64, r-release-windows-ix86+x86_64, r-oldrel-macos-x86_64, r-oldrel-windows-ix86+x86_64