CRAN Package Check Results for Package ADMMnet

Last updated on 2021-11-01 00:49:31 CET.

Flavor Version Tinstall Tcheck Ttotal Status Flags
r-devel-linux-x86_64-debian-clang 0.1.1 40.74 68.04 108.78 OK
r-devel-linux-x86_64-debian-gcc 0.1.1 33.32 52.90 86.22 OK
r-devel-linux-x86_64-fedora-clang 0.1.1 162.66 NOTE
r-devel-linux-x86_64-fedora-gcc 0.1.1 146.34 NOTE
r-devel-windows-x86_64 0.1.1 51.00 95.00 146.00 OK
r-devel-windows-x86_64-gcc10-UCRT 0.1.1 OK
r-patched-linux-x86_64 0.1.1 37.17 66.79 103.96 OK
r-patched-solaris-x86 0.1.1 164.90 OK
r-release-linux-x86_64 0.1.1 38.09 66.73 104.82 OK
r-release-macos-arm64 0.1.1 NOTE
r-release-macos-x86_64 0.1.1 NOTE
r-release-windows-ix86+x86_64 0.1.1 70.00 90.00 160.00 OK
r-oldrel-macos-x86_64 0.1.1 NOTE
r-oldrel-windows-ix86+x86_64 0.1.1 67.00 121.00 188.00 OK

Check Details

Version: 0.1.1
Check: installed package size
Result: NOTE
     installed size is 5.7Mb
     sub-directories of 1Mb or more:
     libs 5.5Mb
Flavors: r-devel-linux-x86_64-fedora-clang, r-release-macos-arm64, r-release-macos-x86_64, r-oldrel-macos-x86_64

Version: 0.1.1
Check: compiled code
Result: NOTE
    File ‘ADMMnet/libs/ADMMnet.so’:
     Found no calls to: ‘R_registerRoutines’, ‘R_useDynamicSymbols’
    
    It is good practice to register native routines and to disable symbol
    search.
    
    See ‘Writing portable packages’ in the ‘Writing R Extensions’ manual.
Flavors: r-devel-linux-x86_64-fedora-clang, r-devel-linux-x86_64-fedora-gcc