CRAN Package Check Results for Package ziphsmm

Last updated on 2020-12-31 00:47:02 CET.

Flavor Version Tinstall Tcheck Ttotal Status Flags
r-devel-linux-x86_64-debian-clang 2.0.6 86.88 60.24 147.12 OK
r-devel-linux-x86_64-debian-gcc 2.0.6 68.39 47.44 115.83 OK
r-devel-linux-x86_64-fedora-clang 2.0.6 181.84 NOTE
r-devel-linux-x86_64-fedora-gcc 2.0.6 190.43 OK
r-devel-windows-ix86+x86_64 2.0.6 186.00 138.00 324.00 OK
r-patched-linux-x86_64 2.0.6 76.06 57.30 133.36 OK
r-patched-solaris-x86 2.0.6 212.90 OK
r-release-linux-x86_64 2.0.6 75.39 56.78 132.17 OK
r-release-macos-x86_64 2.0.6 NOTE
r-release-windows-ix86+x86_64 2.0.6 183.00 106.00 289.00 OK
r-oldrel-macos-x86_64 2.0.6 NOTE
r-oldrel-windows-ix86+x86_64 2.0.6 124.00 103.00 227.00 OK

Check Details

Version: 2.0.6
Check: installed package size
Result: NOTE
     installed size is 9.2Mb
     sub-directories of 1Mb or more:
     libs 8.8Mb
Flavors: r-devel-linux-x86_64-fedora-clang, r-release-macos-x86_64, r-oldrel-macos-x86_64