Last updated on 2020-12-31 00:47:02 CET.
Flavor | Version | Tinstall | Tcheck | Ttotal | Status | Flags |
---|---|---|---|---|---|---|
r-devel-linux-x86_64-debian-clang | 0.6-70 | 9.13 | 95.67 | 104.80 | OK | |
r-devel-linux-x86_64-debian-gcc | 0.6-70 | 7.89 | 72.32 | 80.21 | OK | |
r-devel-linux-x86_64-fedora-clang | 0.6-70 | 134.83 | NOTE | |||
r-devel-linux-x86_64-fedora-gcc | 0.6-70 | 138.75 | NOTE | |||
r-devel-windows-ix86+x86_64 | 0.6-70 | 16.00 | 142.00 | 158.00 | OK | |
r-patched-linux-x86_64 | 0.6-70 | 8.70 | 83.08 | 91.78 | OK | |
r-patched-solaris-x86 | 0.6-70 | 192.50 | NOTE | |||
r-release-linux-x86_64 | 0.6-70 | 8.75 | 83.64 | 92.39 | OK | |
r-release-macos-x86_64 | 0.6-70 | NOTE | ||||
r-release-windows-ix86+x86_64 | 0.6-70 | 12.00 | 104.00 | 116.00 | OK | |
r-oldrel-macos-x86_64 | 0.6-70 | NOTE | ||||
r-oldrel-windows-ix86+x86_64 | 0.6-70 | 10.00 | 98.00 | 108.00 | OK |
Version: 0.6-70
Check: data for non-ASCII characters
Result: NOTE
Note: found 146804 marked UTF-8 strings
Flavors: r-devel-linux-x86_64-fedora-clang, r-devel-linux-x86_64-fedora-gcc, r-patched-solaris-x86, r-release-macos-x86_64, r-oldrel-macos-x86_64