Last updated on 2020-12-31 00:47:02 CET.
Flavor | Version | Tinstall | Tcheck | Ttotal | Status | Flags |
---|---|---|---|---|---|---|
r-devel-linux-x86_64-debian-clang | 0.1.0 | 15.20 | 116.65 | 131.85 | OK | |
r-devel-linux-x86_64-debian-gcc | 0.1.0 | 11.87 | 87.15 | 99.02 | OK | |
r-devel-linux-x86_64-fedora-clang | 0.1.0 | 165.52 | NOTE | |||
r-devel-linux-x86_64-fedora-gcc | 0.1.0 | 163.76 | NOTE | |||
r-devel-windows-ix86+x86_64 | 0.1.0 | 25.00 | 133.00 | 158.00 | OK | |
r-patched-linux-x86_64 | 0.1.0 | 15.01 | 109.13 | 124.14 | OK | |
r-patched-solaris-x86 | 0.1.0 | 240.70 | NOTE | |||
r-release-linux-x86_64 | 0.1.0 | 15.26 | 109.21 | 124.47 | OK | |
r-release-macos-x86_64 | 0.1.0 | NOTE | ||||
r-release-windows-ix86+x86_64 | 0.1.0 | 27.00 | 103.00 | 130.00 | OK | |
r-oldrel-macos-x86_64 | 0.1.0 | FAIL | ||||
r-oldrel-windows-ix86+x86_64 | 0.1.0 | 14.00 | 93.00 | 107.00 | OK |
Version: 0.1.0
Check: dependencies in R code
Result: NOTE
Namespace in Imports field not imported from: ‘tcltk2’
All declared Imports should be used.
Flavors: r-devel-linux-x86_64-fedora-clang, r-devel-linux-x86_64-fedora-gcc, r-patched-solaris-x86, r-release-macos-x86_64
Version: 0.1.0
Check: whether package can be installed
Result: FAIL
Flavor: r-oldrel-macos-x86_64