Last updated on 2020-12-31 00:47:02 CET.
Flavor | Version | Tinstall | Tcheck | Ttotal | Status | Flags |
---|---|---|---|---|---|---|
r-devel-linux-x86_64-debian-clang | 1.3.0 | 8.27 | 127.39 | 135.66 | OK | |
r-devel-linux-x86_64-debian-gcc | 1.3.0 | 5.44 | 90.77 | 96.21 | OK | |
r-devel-linux-x86_64-fedora-clang | 1.3.0 | 167.49 | NOTE | |||
r-devel-linux-x86_64-fedora-gcc | 1.3.0 | 157.59 | NOTE | |||
r-devel-windows-ix86+x86_64 | 1.3.0 | 12.00 | 154.00 | 166.00 | NOTE | |
r-patched-linux-x86_64 | 1.3.0 | 7.07 | 120.76 | 127.83 | OK | |
r-patched-solaris-x86 | 1.3.0 | 182.50 | NOTE | |||
r-release-linux-x86_64 | 1.3.0 | 6.46 | 119.02 | 125.48 | OK | |
r-release-macos-x86_64 | 1.3.0 | NOTE | ||||
r-release-windows-ix86+x86_64 | 1.3.0 | 12.00 | 118.00 | 130.00 | NOTE | |
r-oldrel-macos-x86_64 | 1.3.0 | NOTE | ||||
r-oldrel-windows-ix86+x86_64 | 1.3.0 | 7.00 | 120.00 | 127.00 | NOTE |
Version: 1.3.0
Check: package dependencies
Result: NOTE
Package suggested but not available for checking: ‘ROTS’
Flavors: r-devel-linux-x86_64-fedora-clang, r-devel-linux-x86_64-fedora-gcc, r-patched-solaris-x86, r-release-macos-x86_64, r-oldrel-macos-x86_64
Version: 1.3.0
Check: installed package size
Result: NOTE
installed size is 6.9Mb
sub-directories of 1Mb or more:
doc 3.2Mb
extdata 3.4Mb
Flavors: r-devel-linux-x86_64-fedora-clang, r-devel-windows-ix86+x86_64, r-patched-solaris-x86, r-release-macos-x86_64, r-release-windows-ix86+x86_64, r-oldrel-macos-x86_64, r-oldrel-windows-ix86+x86_64
Version: 1.3.0
Check: dependencies in R code
Result: NOTE
Namespaces in Imports field not imported from:
‘knitr’ ‘rmarkdown’
All declared Imports should be used.
Flavors: r-devel-linux-x86_64-fedora-clang, r-devel-linux-x86_64-fedora-gcc, r-patched-solaris-x86, r-release-macos-x86_64, r-oldrel-macos-x86_64
Version: 1.3.0
Check: Rd cross-references
Result: NOTE
Undeclared package ‘seqinr’ in Rd xrefs
Flavor: r-devel-linux-x86_64-fedora-clang