CRAN Package Check Results for Package weibulltools

Last updated on 2020-12-31 00:47:02 CET.

Flavor Version Tinstall Tcheck Ttotal Status Flags
r-devel-linux-x86_64-debian-clang 1.0.1 46.11 97.71 143.82 OK
r-devel-linux-x86_64-debian-gcc 1.0.1 28.84 71.95 100.79 OK
r-devel-linux-x86_64-fedora-clang 1.0.1 185.42 WARN
r-devel-linux-x86_64-fedora-gcc 1.0.1 169.43 OK
r-devel-windows-ix86+x86_64 1.0.1 103.00 182.00 285.00 NOTE
r-patched-linux-x86_64 1.0.1 34.54 91.41 125.95 OK
r-patched-solaris-x86 1.0.1 192.60 NOTE
r-release-linux-x86_64 1.0.1 37.17 90.86 128.03 OK
r-release-macos-x86_64 1.0.1 NOTE
r-release-windows-ix86+x86_64 1.0.1 100.00 184.00 284.00 NOTE
r-oldrel-macos-x86_64 1.0.1 NOTE
r-oldrel-windows-ix86+x86_64 1.0.1 66.00 131.00 197.00 NOTE

Check Details

Version: 1.0.1
Check: package dependencies
Result: WARN
    Requires orphaned package: ‘plotly’
Flavor: r-devel-linux-x86_64-fedora-clang

Version: 1.0.1
Check: installed package size
Result: NOTE
     installed size is 13.8Mb
     sub-directories of 1Mb or more:
     doc 11.9Mb
     libs 1.5Mb
Flavors: r-devel-linux-x86_64-fedora-clang, r-devel-windows-ix86+x86_64, r-patched-solaris-x86, r-release-macos-x86_64, r-release-windows-ix86+x86_64, r-oldrel-macos-x86_64, r-oldrel-windows-ix86+x86_64