Last updated on 2020-12-31 00:47:02 CET.
Flavor | Version | Tinstall | Tcheck | Ttotal | Status | Flags |
---|---|---|---|---|---|---|
r-devel-linux-x86_64-debian-clang | 4.6.8 | 27.87 | 111.47 | 139.34 | OK | |
r-devel-linux-x86_64-debian-gcc | 4.6.8 | 18.80 | 84.23 | 103.03 | OK | |
r-devel-linux-x86_64-fedora-clang | 4.6.8 | 178.95 | NOTE | |||
r-devel-linux-x86_64-fedora-gcc | 4.6.8 | 166.38 | NOTE | |||
r-devel-windows-ix86+x86_64 | 4.6.8 | 49.00 | 157.00 | 206.00 | OK | |
r-patched-linux-x86_64 | 4.6.8 | 22.78 | 105.06 | 127.84 | OK | |
r-patched-solaris-x86 | 4.6.8 | 196.20 | OK | |||
r-release-linux-x86_64 | 4.6.8 | 22.11 | 104.50 | 126.61 | OK | |
r-release-macos-x86_64 | 4.6.8 | OK | ||||
r-release-windows-ix86+x86_64 | 4.6.8 | 48.00 | 120.00 | 168.00 | OK | |
r-oldrel-macos-x86_64 | 4.6.8 | OK | ||||
r-oldrel-windows-ix86+x86_64 | 4.6.8 | 44.00 | 114.00 | 158.00 | OK |
Version: 4.6.8
Check: compiled code
Result: NOTE
File ‘wavethresh/libs/wavethresh.so’:
Found no calls to: ‘R_registerRoutines’, ‘R_useDynamicSymbols’
It is good practice to register native routines and to disable symbol
search.
See ‘Writing portable packages’ in the ‘Writing R Extensions’ manual.
Flavors: r-devel-linux-x86_64-fedora-clang, r-devel-linux-x86_64-fedora-gcc