CRAN Package Check Results for Package wCorr

Last updated on 2020-12-31 00:47:02 CET.

Flavor Version Tinstall Tcheck Ttotal Status Flags
r-devel-linux-x86_64-debian-clang 1.9.1 76.61 49.72 126.33 OK
r-devel-linux-x86_64-debian-gcc 1.9.1 50.26 39.21 89.47 OK
r-devel-linux-x86_64-fedora-clang 1.9.1 184.72 OK
r-devel-linux-x86_64-fedora-gcc 1.9.1 159.56 OK
r-devel-windows-ix86+x86_64 1.9.1 179.00 108.00 287.00 WARN
r-patched-linux-x86_64 1.9.1 61.43 47.86 109.29 OK
r-patched-solaris-x86 1.9.1 139.30 OK
r-release-linux-x86_64 1.9.1 60.13 47.81 107.94 OK
r-release-macos-x86_64 1.9.1 OK
r-release-windows-ix86+x86_64 1.9.1 177.00 85.00 262.00 WARN
r-oldrel-macos-x86_64 1.9.1 OK
r-oldrel-windows-ix86+x86_64 1.9.1 116.00 78.00 194.00 WARN

Check Details

Version: 1.9.1
Check: re-building of vignette outputs
Result: WARN
    Error(s) in re-building vignettes:
    --- re-building 'wCorrArguments.Rmd' using rmarkdown
    Loading required package: knitr
    Loading required package: wCorr
    wCorr v1.9.1
    
    Loading required package: lattice
    Loading required package: captioner
    ! Package pdftex.def Error: File `d:/RCompile/CRANpkg/local/4.1/wCorr.Rcheck/vi
    gn_test/wCorr/vignettes/wCorrArguments_files/figure-latex/ML\%20RMSE\%20plot-1.
    pdf' not found.
    
    Error: processing vignette 'wCorrArguments.Rmd' failed with diagnostics:
    LaTeX failed to compile d:/RCompile/CRANpkg/local/4.1/wCorr.Rcheck/vign_test/wCorr/vignettes/wCorrArguments.tex. See https://yihui.org/tinytex/r/#debugging for debugging tips. See wCorrArguments.log for more info.
    --- failed re-building 'wCorrArguments.Rmd'
    
    --- re-building 'wCorrFormulas.Rmd' using rmarkdown
    Loading required package: wCorr
    wCorr v1.9.1
    
    Loading required package: lattice
    Loading required package: captioner
    ! Package pdftex.def Error: File `d:/RCompile/CRANpkg/local/4.1/wCorr.Rcheck/vi
    gn_test/wCorr/vignettes/wCorrFormulas_files/figure-latex/bias\%20Versus\%20rho-
    1.pdf' not found.
    
    Error: processing vignette 'wCorrFormulas.Rmd' failed with diagnostics:
    LaTeX failed to compile d:/RCompile/CRANpkg/local/4.1/wCorr.Rcheck/vign_test/wCorr/vignettes/wCorrFormulas.tex. See https://yihui.org/tinytex/r/#debugging for debugging tips. See wCorrFormulas.log for more info.
    --- failed re-building 'wCorrFormulas.Rmd'
    
    SUMMARY: processing the following files failed:
     'wCorrArguments.Rmd' 'wCorrFormulas.Rmd'
    
    Error: Vignette re-building failed.
    Execution halted
Flavor: r-devel-windows-ix86+x86_64

Version: 1.9.1
Check: re-building of vignette outputs
Result: WARN
    Error(s) in re-building vignettes:
    --- re-building 'wCorrArguments.Rmd' using rmarkdown
    Loading required package: knitr
    Loading required package: wCorr
    wCorr v1.9.1
    
    Loading required package: lattice
    Loading required package: captioner
    ! Package pdftex.def Error: File `d:/RCompile/CRANpkg/local/4.0/wCorr.Rcheck/vi
    gn_test/wCorr/vignettes/wCorrArguments_files/figure-latex/ML\%20RMSE\%20plot-1.
    pdf' not found.
    
    Error: processing vignette 'wCorrArguments.Rmd' failed with diagnostics:
    LaTeX failed to compile d:/RCompile/CRANpkg/local/4.0/wCorr.Rcheck/vign_test/wCorr/vignettes/wCorrArguments.tex. See https://yihui.org/tinytex/r/#debugging for debugging tips. See wCorrArguments.log for more info.
    --- failed re-building 'wCorrArguments.Rmd'
    
    --- re-building 'wCorrFormulas.Rmd' using rmarkdown
    Loading required package: wCorr
    wCorr v1.9.1
    
    Loading required package: lattice
    Loading required package: captioner
    ! Package pdftex.def Error: File `d:/RCompile/CRANpkg/local/4.0/wCorr.Rcheck/vi
    gn_test/wCorr/vignettes/wCorrFormulas_files/figure-latex/bias\%20Versus\%20rho-
    1.pdf' not found.
    
    Error: processing vignette 'wCorrFormulas.Rmd' failed with diagnostics:
    LaTeX failed to compile d:/RCompile/CRANpkg/local/4.0/wCorr.Rcheck/vign_test/wCorr/vignettes/wCorrFormulas.tex. See https://yihui.org/tinytex/r/#debugging for debugging tips. See wCorrFormulas.log for more info.
    --- failed re-building 'wCorrFormulas.Rmd'
    
    SUMMARY: processing the following files failed:
     'wCorrArguments.Rmd' 'wCorrFormulas.Rmd'
    
    Error: Vignette re-building failed.
    Execution halted
Flavor: r-release-windows-ix86+x86_64

Version: 1.9.1
Check: re-building of vignette outputs
Result: WARN
    Error(s) in re-building vignettes:
    --- re-building 'wCorrArguments.Rmd' using rmarkdown
    Loading required package: knitr
    Loading required package: wCorr
    wCorr v1.9.1
    
    Loading required package: lattice
    Loading required package: captioner
    ! Package pdftex.def Error: File `d:/RCompile/CRANpkg/local/3.6/wCorr.Rcheck/vi
    gn_test/wCorr/vignettes/wCorrArguments_files/figure-latex/ML\%20RMSE\%20plot-1.
    pdf' not found.
    
    Error: processing vignette 'wCorrArguments.Rmd' failed with diagnostics:
    LaTeX failed to compile d:/RCompile/CRANpkg/local/3.6/wCorr.Rcheck/vign_test/wCorr/vignettes/wCorrArguments.tex. See https://yihui.org/tinytex/r/#debugging for debugging tips. See wCorrArguments.log for more info.
    --- failed re-building 'wCorrArguments.Rmd'
    
    --- re-building 'wCorrFormulas.Rmd' using rmarkdown
    Loading required package: wCorr
    wCorr v1.9.1
    
    Loading required package: lattice
    Loading required package: captioner
    ! Package pdftex.def Error: File `d:/RCompile/CRANpkg/local/3.6/wCorr.Rcheck/vi
    gn_test/wCorr/vignettes/wCorrFormulas_files/figure-latex/bias\%20Versus\%20rho-
    1.pdf' not found.
    
    Error: processing vignette 'wCorrFormulas.Rmd' failed with diagnostics:
    LaTeX failed to compile d:/RCompile/CRANpkg/local/3.6/wCorr.Rcheck/vign_test/wCorr/vignettes/wCorrFormulas.tex. See https://yihui.org/tinytex/r/#debugging for debugging tips. See wCorrFormulas.log for more info.
    --- failed re-building 'wCorrFormulas.Rmd'
    
    SUMMARY: processing the following files failed:
     'wCorrArguments.Rmd' 'wCorrFormulas.Rmd'
    
    Error: Vignette re-building failed.
    Execution halted
Flavor: r-oldrel-windows-ix86+x86_64