CRAN Package Check Results for Package vprr

Last updated on 2020-12-31 00:47:02 CET.

Flavor Version Tinstall Tcheck Ttotal Status Flags
r-devel-linux-x86_64-debian-clang 0.1.0 14.54 91.54 106.08 OK
r-devel-linux-x86_64-debian-gcc 0.1.0 12.58 69.67 82.25 OK
r-devel-linux-x86_64-fedora-clang 0.1.0 138.65 NOTE
r-devel-linux-x86_64-fedora-gcc 0.1.0 127.02 NOTE
r-devel-windows-ix86+x86_64 0.1.0 34.00 112.00 146.00 NOTE
r-patched-linux-x86_64 0.1.0 13.25 84.84 98.09 OK
r-patched-solaris-x86 0.1.0 187.50 NOTE
r-release-linux-x86_64 0.1.0 14.95 85.38 100.33 OK
r-release-macos-x86_64 0.1.0 NOTE
r-release-windows-ix86+x86_64 0.1.0 34.00 91.00 125.00 NOTE
r-oldrel-macos-x86_64 0.1.0 NOTE
r-oldrel-windows-ix86+x86_64 0.1.0 24.00 90.00 114.00 NOTE

Check Details

Version: 0.1.0
Check: installed package size
Result: NOTE
     installed size is 9.4Mb
     sub-directories of 1Mb or more:
     extdata 8.6Mb
Flavors: r-devel-linux-x86_64-fedora-clang, r-devel-windows-ix86+x86_64, r-patched-solaris-x86, r-release-macos-x86_64, r-release-windows-ix86+x86_64, r-oldrel-macos-x86_64, r-oldrel-windows-ix86+x86_64

Version: 0.1.0
Check: dependencies in R code
Result: NOTE
    Namespace in Imports field not imported from: ‘usethis’
     All declared Imports should be used.
Flavors: r-devel-linux-x86_64-fedora-clang, r-devel-linux-x86_64-fedora-gcc, r-patched-solaris-x86, r-release-macos-x86_64, r-oldrel-macos-x86_64