CRAN Package Check Results for Package vlad

Last updated on 2020-12-31 00:47:02 CET.

Flavor Version Tinstall Tcheck Ttotal Status Flags
r-devel-linux-x86_64-debian-clang 0.2.1 147.62 51.29 198.91 OK
r-devel-linux-x86_64-debian-gcc 0.2.1 96.49 38.92 135.41 OK
r-devel-linux-x86_64-fedora-clang 0.2.1 283.10 NOTE
r-devel-linux-x86_64-fedora-gcc 0.2.1 243.91 OK
r-devel-windows-ix86+x86_64 0.2.1 335.00 114.00 449.00 OK
r-patched-linux-x86_64 0.2.1 112.87 48.74 161.61 OK
r-patched-solaris-x86 0.2.1 224.90 OK
r-release-linux-x86_64 0.2.1 111.49 49.40 160.89 OK
r-release-macos-x86_64 0.2.1 OK
r-release-windows-ix86+x86_64 0.2.1 338.00 85.00 423.00 OK
r-oldrel-macos-x86_64 0.2.1 OK
r-oldrel-windows-ix86+x86_64 0.2.1 225.00 79.00 304.00 OK

Check Details

Version: 0.2.1
Check: installed package size
Result: NOTE
     installed size is 5.5Mb
     sub-directories of 1Mb or more:
     libs 5.0Mb
Flavor: r-devel-linux-x86_64-fedora-clang