Last updated on 2020-12-31 00:47:02 CET.
Flavor | Version | Tinstall | Tcheck | Ttotal | Status | Flags |
---|---|---|---|---|---|---|
r-devel-linux-x86_64-debian-clang | 1.0.0 | 19.07 | 178.43 | 197.50 | OK | |
r-devel-linux-x86_64-debian-gcc | 1.0.0 | 15.11 | 132.26 | 147.37 | OK | |
r-devel-linux-x86_64-fedora-clang | 1.0.0 | 246.19 | NOTE | |||
r-devel-linux-x86_64-fedora-gcc | 1.0.0 | 235.70 | NOTE | |||
r-devel-windows-ix86+x86_64 | 1.0.0 | 48.00 | 199.00 | 247.00 | OK | |
r-patched-linux-x86_64 | 1.0.0 | 18.38 | 163.03 | 181.41 | OK | |
r-patched-solaris-x86 | 1.0.0 | 341.70 | NOTE | |||
r-release-linux-x86_64 | 1.0.0 | 17.77 | 163.35 | 181.12 | OK | |
r-release-macos-x86_64 | 1.0.0 | NOTE | ||||
r-release-windows-ix86+x86_64 | 1.0.0 | 49.00 | 154.00 | 203.00 | OK | |
r-oldrel-macos-x86_64 | 1.0.0 | ERROR | ||||
r-oldrel-windows-ix86+x86_64 | 1.0.0 | 32.00 | 140.00 | 172.00 | OK |
Version: 1.0.0
Check: dependencies in R code
Result: NOTE
Namespaces in Imports field not imported from:
‘DT’ ‘plyr’ ‘reshape’
All declared Imports should be used.
Flavors: r-devel-linux-x86_64-fedora-clang, r-devel-linux-x86_64-fedora-gcc, r-patched-solaris-x86, r-release-macos-x86_64
Version: 1.0.0
Check: whether package can be installed
Result: ERROR
Installation failed.
Flavor: r-oldrel-macos-x86_64