Last updated on 2020-12-31 00:47:02 CET.
Flavor | Version | Tinstall | Tcheck | Ttotal | Status | Flags |
---|---|---|---|---|---|---|
r-devel-linux-x86_64-debian-clang | 0.3.2 | 4.04 | 168.98 | 173.02 | OK | |
r-devel-linux-x86_64-debian-gcc | 0.3.2 | 3.20 | 119.52 | 122.72 | OK | |
r-devel-linux-x86_64-fedora-clang | 0.3.2 | 194.88 | NOTE | |||
r-devel-linux-x86_64-fedora-gcc | 0.3.2 | 189.12 | OK | |||
r-devel-windows-ix86+x86_64 | 0.3.2 | 9.00 | 185.00 | 194.00 | OK | |
r-patched-linux-x86_64 | 0.3.2 | 3.73 | 153.82 | 157.55 | OK | |
r-patched-solaris-x86 | 0.3.2 | 317.00 | OK | |||
r-release-linux-x86_64 | 0.3.2 | 3.74 | 153.88 | 157.62 | OK | |
r-release-macos-x86_64 | 0.3.2 | OK | ||||
r-release-windows-ix86+x86_64 | 0.3.2 | 9.00 | 170.00 | 179.00 | OK | |
r-oldrel-macos-x86_64 | 0.3.2 | OK | ||||
r-oldrel-windows-ix86+x86_64 | 0.3.2 | 5.00 | 138.00 | 143.00 | OK |
Version: 0.3.2
Check: Rd cross-references
Result: NOTE
Undeclared package ‘foreach’ in Rd xrefs
Flavor: r-devel-linux-x86_64-fedora-clang