Last updated on 2020-12-31 00:47:02 CET.
Flavor | Version | Tinstall | Tcheck | Ttotal | Status | Flags |
---|---|---|---|---|---|---|
r-devel-linux-x86_64-debian-clang | 0.3-1 | 4.74 | 46.72 | 51.46 | OK | |
r-devel-linux-x86_64-debian-gcc | 0.3-1 | 4.58 | 36.80 | 41.38 | OK | |
r-devel-linux-x86_64-fedora-clang | 0.3-1 | 72.43 | OK | |||
r-devel-linux-x86_64-fedora-gcc | 0.3-1 | 63.21 | OK | |||
r-devel-windows-ix86+x86_64 | 0.3-1 | 12.00 | 68.00 | 80.00 | OK | |
r-patched-linux-x86_64 | 0.3-1 | 5.22 | 44.51 | 49.73 | OK | |
r-patched-solaris-x86 | 0.3-1 | 94.50 | OK | |||
r-release-linux-x86_64 | 0.3-1 | 5.01 | 45.05 | 50.06 | OK | |
r-release-macos-x86_64 | 0.3-1 | OK | ||||
r-release-windows-ix86+x86_64 | 0.3-1 | 14.00 | 49.00 | 63.00 | OK | |
r-oldrel-macos-x86_64 | 0.3-1 | NOTE | ||||
r-oldrel-windows-ix86+x86_64 | 0.3-1 | 8.00 | 50.00 | 58.00 | OK |
Version: 0.3-1
Check: dependencies in R code
Result: NOTE
No protocol specified
No protocol specified
Flavor: r-oldrel-macos-x86_64