Last updated on 2020-12-31 00:47:01 CET.
Flavor | Version | Tinstall | Tcheck | Ttotal | Status | Flags |
---|---|---|---|---|---|---|
r-devel-linux-x86_64-debian-clang | 0.1.0 | 12.63 | 106.63 | 119.26 | OK | |
r-devel-linux-x86_64-debian-gcc | 0.1.0 | 9.51 | 80.57 | 90.08 | OK | |
r-devel-linux-x86_64-fedora-clang | 0.1.0 | 153.18 | NOTE | |||
r-devel-linux-x86_64-fedora-gcc | 0.1.0 | 144.51 | NOTE | |||
r-devel-windows-ix86+x86_64 | 0.1.0 | 31.00 | 127.00 | 158.00 | OK | |
r-patched-linux-x86_64 | 0.1.0 | 11.46 | 99.81 | 111.27 | OK | |
r-patched-solaris-x86 | 0.1.0 | 214.70 | NOTE | |||
r-release-linux-x86_64 | 0.1.0 | 11.62 | 99.46 | 111.08 | OK | |
r-release-macos-x86_64 | 0.1.0 | NOTE | ||||
r-release-windows-ix86+x86_64 | 0.1.0 | 31.00 | 104.00 | 135.00 | OK | |
r-oldrel-macos-x86_64 | 0.1.0 | NOTE | ||||
r-oldrel-windows-ix86+x86_64 | 0.1.0 | 17.00 | 90.00 | 107.00 | OK |
Version: 0.1.0
Check: dependencies in R code
Result: NOTE
Namespace in Imports field not imported from: ‘cli’
All declared Imports should be used.
Flavors: r-devel-linux-x86_64-fedora-clang, r-devel-linux-x86_64-fedora-gcc, r-patched-solaris-x86, r-release-macos-x86_64, r-oldrel-macos-x86_64