CRAN Package Check Results for Package tune

Last updated on 2020-12-31 00:47:01 CET.

Flavor Version Tinstall Tcheck Ttotal Status Flags
r-devel-linux-x86_64-debian-clang 0.1.2 20.94 150.37 171.31 ERROR
r-devel-linux-x86_64-debian-gcc 0.1.2 17.57 111.81 129.38 OK
r-devel-linux-x86_64-fedora-clang 0.1.2 214.87 OK
r-devel-linux-x86_64-fedora-gcc 0.1.2 206.56 OK
r-devel-windows-ix86+x86_64 0.1.2 44.00 177.00 221.00 OK
r-patched-linux-x86_64 0.1.2 20.98 139.86 160.84 OK
r-patched-solaris-x86 0.1.2 279.90 OK
r-release-linux-x86_64 0.1.2 19.78 139.68 159.46 OK
r-release-macos-x86_64 0.1.2 OK
r-release-windows-ix86+x86_64 0.1.2 44.00 136.00 180.00 OK
r-oldrel-macos-x86_64 0.1.2 OK
r-oldrel-windows-ix86+x86_64 0.1.2 26.00 121.00 147.00 OK

Check Details

Version: 0.1.2
Check: examples
Result: ERROR
    Running examples in 'tune-Ex.R' failed
    The error most likely occurred in:
    
    > base::assign(".ptime", proc.time(), pos = "CheckExEnv")
    > ### Name: message_wrap
    > ### Title: Write a message that respects the line width
    > ### Aliases: message_wrap
    >
    > ### ** Examples
    >
    > library(cli)
    > Gaiman <-
    + paste(
    + '"Good point." Bod was pleased with himself, and glad he had thought of',
    + <ERROR: re-encoding failure from encoding 'UTF-8'>
     'asking the poet for advice. Really, he thought, if you couldn...
    + 'poet to offer sensible advice, who could you trust?',
    Error: unexpected symbol in:
    " 'asking the poet for advice. Really, he thought, if you couldn...
     'poet"
    Execution halted
Flavor: r-devel-linux-x86_64-debian-clang