CRAN Package Check Results for Package tsmp

Last updated on 2020-12-31 00:47:01 CET.

Flavor Version Tinstall Tcheck Ttotal Status Flags
r-devel-linux-x86_64-debian-clang 0.4.14 54.26 105.22 159.48 NOTE
r-devel-linux-x86_64-debian-gcc 0.4.14 37.59 77.94 115.53 NOTE
r-devel-linux-x86_64-fedora-clang 0.4.14 215.60 NOTE
r-devel-linux-x86_64-fedora-gcc 0.4.14 195.78 NOTE
r-devel-windows-ix86+x86_64 0.4.14 114.00 177.00 291.00 NOTE
r-patched-linux-x86_64 0.4.14 50.00 102.97 152.97 NOTE
r-patched-solaris-x86 0.4.14 220.90 NOTE
r-release-linux-x86_64 0.4.14 44.76 101.30 146.06 NOTE
r-release-macos-x86_64 0.4.14 NOTE
r-release-windows-ix86+x86_64 0.4.14 122.00 134.00 256.00 NOTE
r-oldrel-macos-x86_64 0.4.14 NOTE
r-oldrel-windows-ix86+x86_64 0.4.14 85.00 137.00 222.00 NOTE

Additional issues

clang-UBSAN M1mac

Check Details

Version: 0.4.14
Check: for GNU extensions in Makefiles
Result: NOTE
    GNU make is a SystemRequirements.
Flavors: r-devel-linux-x86_64-debian-clang, r-devel-linux-x86_64-debian-gcc, r-devel-linux-x86_64-fedora-clang, r-devel-linux-x86_64-fedora-gcc, r-devel-windows-ix86+x86_64, r-patched-linux-x86_64, r-patched-solaris-x86, r-release-linux-x86_64, r-release-macos-x86_64, r-release-windows-ix86+x86_64, r-oldrel-macos-x86_64, r-oldrel-windows-ix86+x86_64

Version: 0.4.14
Check: installed package size
Result: NOTE
     installed size is 8.7Mb
     sub-directories of 1Mb or more:
     data 4.6Mb
     libs 2.7Mb
Flavors: r-devel-linux-x86_64-fedora-clang, r-devel-windows-ix86+x86_64, r-patched-solaris-x86, r-release-macos-x86_64, r-release-windows-ix86+x86_64, r-oldrel-macos-x86_64, r-oldrel-windows-ix86+x86_64