Last updated on 2020-12-31 00:47:01 CET.
Flavor | Version | Tinstall | Tcheck | Ttotal | Status | Flags |
---|---|---|---|---|---|---|
r-devel-linux-x86_64-debian-clang | 0.2.1 | 4.59 | 36.33 | 40.92 | OK | |
r-devel-linux-x86_64-debian-gcc | 0.2.1 | 3.69 | 28.72 | 32.41 | OK | |
r-devel-linux-x86_64-fedora-clang | 0.2.1 | 60.84 | OK | |||
r-devel-linux-x86_64-fedora-gcc | 0.2.1 | 50.13 | OK | |||
r-devel-windows-ix86+x86_64 | 0.2.1 | 9.00 | 47.00 | 56.00 | OK | |
r-patched-linux-x86_64 | 0.2.1 | 4.13 | 35.84 | 39.97 | OK | |
r-patched-solaris-x86 | 0.2.1 | 73.60 | OK | |||
r-release-linux-x86_64 | 0.2.1 | 4.55 | 35.17 | 39.72 | OK | |
r-release-macos-x86_64 | 0.2.1 | OK | ||||
r-release-windows-ix86+x86_64 | 0.2.1 | 6.00 | 38.00 | 44.00 | OK | |
r-oldrel-macos-x86_64 | 0.2.1 | FAIL | ||||
r-oldrel-windows-ix86+x86_64 | 0.2.1 | 5.00 | 36.00 | 41.00 | OK |
Version: 0.2.1
Check: dependencies in R code
Result: FAIL
Flavor: r-oldrel-macos-x86_64