CRAN Package Check Results for Package triebeard

Last updated on 2020-12-31 00:47:01 CET.

Flavor Version Tinstall Tcheck Ttotal Status Flags
r-devel-linux-x86_64-debian-clang 0.3.0 90.22 32.61 122.83 OK
r-devel-linux-x86_64-debian-gcc 0.3.0 54.96 25.71 80.67 OK
r-devel-linux-x86_64-fedora-clang 0.3.0 177.53 NOTE
r-devel-linux-x86_64-fedora-gcc 0.3.0 151.24 NOTE
r-devel-windows-ix86+x86_64 0.3.0 192.00 85.00 277.00 OK
r-patched-linux-x86_64 0.3.0 68.21 31.32 99.53 OK
r-patched-solaris-x86 0.3.0 139.30 OK
r-release-linux-x86_64 0.3.0 69.21 31.49 100.70 OK
r-release-macos-x86_64 0.3.0 OK
r-release-windows-ix86+x86_64 0.3.0 197.00 60.00 257.00 OK
r-oldrel-macos-x86_64 0.3.0 OK
r-oldrel-windows-ix86+x86_64 0.3.0 136.00 57.00 193.00 OK

Check Details

Version: 0.3.0
Check: installed package size
Result: NOTE
     installed size is 5.2Mb
     sub-directories of 1Mb or more:
     libs 5.0Mb
Flavor: r-devel-linux-x86_64-fedora-clang

Version: 0.3.0
Check: compiled code
Result: NOTE
    File ‘triebeard/libs/triebeard.so’:
     Found no calls to: ‘R_registerRoutines’, ‘R_useDynamicSymbols’
    
    It is good practice to register native routines and to disable symbol
    search.
    
    See ‘Writing portable packages’ in the ‘Writing R Extensions’ manual.
Flavors: r-devel-linux-x86_64-fedora-clang, r-devel-linux-x86_64-fedora-gcc