CRAN Package Check Results for Package triangulr

Last updated on 2020-12-31 00:47:01 CET.

Flavor Version Tinstall Tcheck Ttotal Status Flags
r-devel-linux-x86_64-debian-clang 1.1.0 74.60 34.75 109.35 OK
r-devel-linux-x86_64-debian-gcc 1.1.0 41.18 27.10 68.28 OK
r-devel-linux-x86_64-fedora-clang 1.1.0 152.72 NOTE
r-devel-linux-x86_64-fedora-gcc 1.1.0 123.62 NOTE
r-devel-windows-ix86+x86_64 1.1.0 146.00 82.00 228.00 OK
r-patched-linux-x86_64 1.1.0 47.52 33.92 81.44 OK
r-patched-solaris-x86 1.1.0 123.80 NOTE
r-release-linux-x86_64 1.1.0 48.01 34.42 82.43 OK
r-release-macos-x86_64 1.1.0 NOTE
r-release-windows-ix86+x86_64 1.1.0 148.00 60.00 208.00 OK
r-oldrel-macos-x86_64 1.1.0 NOTE
r-oldrel-windows-ix86+x86_64 1.1.0 103.00 60.00 163.00 OK

Check Details

Version: 1.1.0
Check: dependencies in R code
Result: NOTE
    Namespace in Imports field not imported from: ‘dqrng’
     All declared Imports should be used.
Flavors: r-devel-linux-x86_64-fedora-clang, r-devel-linux-x86_64-fedora-gcc, r-patched-solaris-x86, r-release-macos-x86_64, r-oldrel-macos-x86_64