CRAN Package Check Results for Package trapezoid

Last updated on 2020-12-31 00:47:01 CET.

Flavor Version Tinstall Tcheck Ttotal Status Flags
r-devel-linux-x86_64-debian-clang 2.0-0 2.43 31.29 33.72 NOTE
r-devel-linux-x86_64-debian-gcc 2.0-0 1.94 24.48 26.42 NOTE
r-devel-linux-x86_64-fedora-clang 2.0-0 51.46 NOTE
r-devel-linux-x86_64-fedora-gcc 2.0-0 40.65 NOTE
r-devel-windows-ix86+x86_64 2.0-0 7.00 61.00 68.00 NOTE
r-patched-linux-x86_64 2.0-0 2.47 30.23 32.70 NOTE
r-patched-solaris-x86 2.0-0 58.80 NOTE
r-release-linux-x86_64 2.0-0 2.31 30.22 32.53 NOTE
r-release-macos-x86_64 2.0-0 NOTE
r-release-windows-ix86+x86_64 2.0-0 7.00 46.00 53.00 NOTE
r-oldrel-macos-x86_64 2.0-0 NOTE
r-oldrel-windows-ix86+x86_64 2.0-0 6.00 47.00 53.00 NOTE

Check Details

Version: 2.0-0
Check: R code for possible problems
Result: NOTE
    rtrapezoid: no visible global function definition for 'runif'
    Undefined global functions or variables:
     runif
    Consider adding
     importFrom("stats", "runif")
    to your NAMESPACE file.
Flavors: r-devel-linux-x86_64-debian-clang, r-devel-linux-x86_64-debian-gcc, r-devel-linux-x86_64-fedora-clang, r-devel-linux-x86_64-fedora-gcc, r-devel-windows-ix86+x86_64, r-patched-linux-x86_64, r-patched-solaris-x86, r-release-linux-x86_64, r-release-macos-x86_64, r-release-windows-ix86+x86_64, r-oldrel-macos-x86_64, r-oldrel-windows-ix86+x86_64

Version: 2.0-0
Check: compiled code
Result: NOTE
    File ‘trapezoid/libs/trapezoid.so’:
     Found no calls to: ‘R_registerRoutines’, ‘R_useDynamicSymbols’
    
    It is good practice to register native routines and to disable symbol
    search.
    
    See ‘Writing portable packages’ in the ‘Writing R Extensions’ manual.
Flavors: r-devel-linux-x86_64-fedora-clang, r-devel-linux-x86_64-fedora-gcc