Last updated on 2020-12-31 00:47:01 CET.
Flavor | Version | Tinstall | Tcheck | Ttotal | Status | Flags |
---|---|---|---|---|---|---|
r-devel-linux-x86_64-debian-clang | 0.6.5 | 17.29 | 62.57 | 79.86 | OK | |
r-devel-linux-x86_64-debian-gcc | 0.6.5 | 12.65 | 48.26 | 60.91 | OK | |
r-devel-linux-x86_64-fedora-clang | 0.6.5 | 109.70 | NOTE | |||
r-devel-linux-x86_64-fedora-gcc | 0.6.5 | 95.46 | NOTE | |||
r-devel-windows-ix86+x86_64 | 0.6.5 | 25.00 | 80.00 | 105.00 | OK | |
r-patched-linux-x86_64 | 0.6.5 | 16.56 | 58.41 | 74.97 | OK | |
r-patched-solaris-x86 | 0.6.5 | 141.10 | NOTE | |||
r-release-linux-x86_64 | 0.6.5 | 15.58 | 58.99 | 74.57 | OK | |
r-release-macos-x86_64 | 0.6.5 | NOTE | ||||
r-release-windows-ix86+x86_64 | 0.6.5 | 27.00 | 64.00 | 91.00 | OK | |
r-oldrel-macos-x86_64 | 0.6.5 | NOTE | ||||
r-oldrel-windows-ix86+x86_64 | 0.6.5 | 19.00 | 63.00 | 82.00 | OK |
Version: 0.6.5
Check: data for non-ASCII characters
Result: NOTE
Note: found 100 marked Latin-1 strings
Note: found 548 marked UTF-8 strings
Flavors: r-devel-linux-x86_64-fedora-clang, r-devel-linux-x86_64-fedora-gcc, r-patched-solaris-x86, r-release-macos-x86_64, r-oldrel-macos-x86_64
Version: 0.6.5
Check: installed package size
Result: NOTE
installed size is 5.1Mb
sub-directories of 1Mb or more:
data 4.5Mb
Flavor: r-patched-solaris-x86