CRAN Package Check Results for Package tongfen

Last updated on 2020-12-31 00:47:01 CET.

Flavor Version Tinstall Tcheck Ttotal Status Flags
r-devel-linux-x86_64-debian-clang 0.3 7.98 110.94 118.92 OK
r-devel-linux-x86_64-debian-gcc 0.3 6.35 78.31 84.66 OK
r-devel-linux-x86_64-fedora-clang 0.3 150.86 NOTE
r-devel-linux-x86_64-fedora-gcc 0.3 139.13 NOTE
r-devel-windows-ix86+x86_64 0.3 19.00 136.00 155.00 OK
r-patched-linux-x86_64 0.3 8.28 101.78 110.06 OK
r-patched-solaris-x86 0.3 189.10 NOTE
r-release-linux-x86_64 0.3 7.54 102.38 109.92 OK
r-release-macos-x86_64 0.3 NOTE
r-release-windows-ix86+x86_64 0.3 21.00 101.00 122.00 OK
r-oldrel-macos-x86_64 0.3 NOTE
r-oldrel-windows-ix86+x86_64 0.3 12.00 109.00 121.00 OK

Check Details

Version: 0.3
Check: dependencies in R code
Result: NOTE
    Namespaces in Imports field not imported from:
     ‘geojsonsf’ ‘lwgeom’
     All declared Imports should be used.
Flavors: r-devel-linux-x86_64-fedora-clang, r-devel-linux-x86_64-fedora-gcc, r-patched-solaris-x86, r-release-macos-x86_64, r-oldrel-macos-x86_64

Version: 0.3
Check: data for non-ASCII characters
Result: NOTE
     Note: found 160 marked UTF-8 strings
Flavors: r-devel-linux-x86_64-fedora-clang, r-devel-linux-x86_64-fedora-gcc, r-patched-solaris-x86, r-release-macos-x86_64, r-oldrel-macos-x86_64