Last updated on 2020-12-31 00:47:01 CET.
Flavor | Version | Tinstall | Tcheck | Ttotal | Status | Flags |
---|---|---|---|---|---|---|
r-devel-linux-x86_64-debian-clang | 1.4-10 | 9.84 | 105.37 | 115.21 | OK | |
r-devel-linux-x86_64-debian-gcc | 1.4-10 | 8.79 | 79.39 | 88.18 | OK | |
r-devel-linux-x86_64-fedora-clang | 1.4-10 | 154.29 | NOTE | |||
r-devel-linux-x86_64-fedora-gcc | 1.4-10 | 138.74 | NOTE | |||
r-devel-windows-ix86+x86_64 | 1.4-10 | 26.00 | 188.00 | 214.00 | OK | |
r-patched-linux-x86_64 | 1.4-10 | 9.59 | 98.05 | 107.64 | OK | |
r-patched-solaris-x86 | 1.4-10 | 184.50 | OK | |||
r-release-linux-x86_64 | 1.4-10 | 8.73 | 98.87 | 107.60 | OK | |
r-release-macos-x86_64 | 1.4-10 | OK | ||||
r-release-windows-ix86+x86_64 | 1.4-10 | 26.00 | 145.00 | 171.00 | OK | |
r-oldrel-macos-x86_64 | 1.4-10 | OK | ||||
r-oldrel-windows-ix86+x86_64 | 1.4-10 | 18.00 | 123.00 | 141.00 | OK |
Version: 1.4-10
Check: compiled code
Result: NOTE
File ‘tmvtnorm/libs/tmvtnorm.so’:
Found no calls to: ‘R_registerRoutines’, ‘R_useDynamicSymbols’
It is good practice to register native routines and to disable symbol
search.
See ‘Writing portable packages’ in the ‘Writing R Extensions’ manual.
Flavors: r-devel-linux-x86_64-fedora-clang, r-devel-linux-x86_64-fedora-gcc