Last updated on 2020-12-31 00:47:01 CET.
Flavor | Version | Tinstall | Tcheck | Ttotal | Status | Flags |
---|---|---|---|---|---|---|
r-devel-linux-x86_64-debian-clang | 1.0-2 | 2.49 | 18.96 | 21.45 | OK | |
r-devel-linux-x86_64-debian-gcc | 1.0-2 | 1.94 | 15.27 | 17.21 | OK | |
r-devel-linux-x86_64-fedora-clang | 1.0-2 | 36.89 | NOTE | |||
r-devel-linux-x86_64-fedora-gcc | 1.0-2 | 26.38 | NOTE | |||
r-devel-windows-ix86+x86_64 | 1.0-2 | 8.00 | 39.00 | 47.00 | OK | |
r-patched-linux-x86_64 | 1.0-2 | 2.38 | 18.65 | 21.03 | OK | |
r-patched-solaris-x86 | 1.0-2 | 39.50 | OK | |||
r-release-linux-x86_64 | 1.0-2 | 2.41 | 18.76 | 21.17 | OK | |
r-release-macos-x86_64 | 1.0-2 | OK | ||||
r-release-windows-ix86+x86_64 | 1.0-2 | 7.00 | 32.00 | 39.00 | OK | |
r-oldrel-macos-x86_64 | 1.0-2 | OK | ||||
r-oldrel-windows-ix86+x86_64 | 1.0-2 | 8.00 | 48.00 | 56.00 | OK |
Version: 1.0-2
Check: compiled code
Result: NOTE
File ‘tmvnsim/libs/tmvnsim.so’:
Found no calls to: ‘R_registerRoutines’, ‘R_useDynamicSymbols’
It is good practice to register native routines and to disable symbol
search.
See ‘Writing portable packages’ in the ‘Writing R Extensions’ manual.
Flavors: r-devel-linux-x86_64-fedora-clang, r-devel-linux-x86_64-fedora-gcc