CRAN Package Check Results for Package thurstonianIRT

Last updated on 2020-12-31 00:47:00 CET.

Flavor Version Tinstall Tcheck Ttotal Status Flags
r-devel-linux-x86_64-debian-clang 0.11.1 245.48 164.84 410.32 NOTE
r-devel-linux-x86_64-debian-gcc 0.11.1 222.18 130.23 352.41 NOTE
r-devel-linux-x86_64-fedora-clang 0.11.1 571.33 NOTE
r-devel-linux-x86_64-fedora-gcc 0.11.1 585.56 NOTE
r-devel-windows-ix86+x86_64 0.11.1 554.00 362.00 916.00 NOTE
r-patched-linux-x86_64 0.11.1 187.50 166.24 353.74 NOTE
r-patched-solaris-x86 0.11.1 565.50 NOTE
r-release-linux-x86_64 0.11.1 182.36 167.66 350.02 NOTE
r-release-macos-x86_64 0.11.1 NOTE
r-release-windows-ix86+x86_64 0.11.1 557.00 376.00 933.00 NOTE
r-oldrel-macos-x86_64 0.11.1 NOTE
r-oldrel-windows-ix86+x86_64 0.11.1 366.00 230.00 596.00 NOTE

Check Details

Version: 0.11.1
Check: for GNU extensions in Makefiles
Result: NOTE
    GNU make is a SystemRequirements.
Flavors: r-devel-linux-x86_64-debian-clang, r-devel-linux-x86_64-debian-gcc, r-devel-linux-x86_64-fedora-clang, r-devel-linux-x86_64-fedora-gcc, r-devel-windows-ix86+x86_64, r-patched-linux-x86_64, r-patched-solaris-x86, r-release-linux-x86_64, r-release-macos-x86_64, r-release-windows-ix86+x86_64, r-oldrel-macos-x86_64, r-oldrel-windows-ix86+x86_64

Version: 0.11.1
Check: installed package size
Result: NOTE
     installed size is 52.6Mb
     sub-directories of 1Mb or more:
     libs 52.2Mb
Flavors: r-devel-linux-x86_64-fedora-clang, r-devel-windows-ix86+x86_64, r-release-macos-x86_64, r-release-windows-ix86+x86_64, r-oldrel-macos-x86_64, r-oldrel-windows-ix86+x86_64

Version: 0.11.1
Check: dependencies in R code
Result: NOTE
    Namespace in Imports field not imported from: ‘knitr’
     All declared Imports should be used.
Flavors: r-devel-linux-x86_64-fedora-clang, r-devel-linux-x86_64-fedora-gcc, r-patched-solaris-x86, r-release-macos-x86_64, r-oldrel-macos-x86_64