CRAN Package Check Results for Package threeboost

Last updated on 2020-12-31 00:47:00 CET.

Flavor Version Tinstall Tcheck Ttotal Status Flags
r-devel-linux-x86_64-debian-clang 1.1 2.31 35.66 37.97 NOTE
r-devel-linux-x86_64-debian-gcc 1.1 1.82 27.17 28.99 NOTE
r-devel-linux-x86_64-fedora-clang 1.1 53.60 NOTE
r-devel-linux-x86_64-fedora-gcc 1.1 43.42 NOTE
r-devel-windows-ix86+x86_64 1.1 5.00 52.00 57.00 NOTE
r-patched-linux-x86_64 1.1 2.16 33.31 35.47 NOTE
r-patched-solaris-x86 1.1 62.10 NOTE
r-release-linux-x86_64 1.1 2.46 34.08 36.54 NOTE
r-release-macos-x86_64 1.1 NOTE
r-release-windows-ix86+x86_64 1.1 5.00 38.00 43.00 NOTE
r-oldrel-macos-x86_64 1.1 NOTE
r-oldrel-windows-ix86+x86_64 1.1 3.00 35.00 38.00 NOTE

Check Details

Version: 1.1
Check: R code for possible problems
Result: NOTE
    coef_traceplot: no visible global function definition for 'rainbow'
    coef_traceplot: no visible global function definition for 'abline'
    coef_traceplot : <anonymous>: no visible global function definition for
     'lines'
    coef_traceplot: no visible global function definition for 'text'
    ee.GEE.aux : <anonymous>: no visible global function definition for
     'combn'
    Undefined global functions or variables:
     abline combn lines rainbow text
    Consider adding
     importFrom("grDevices", "rainbow")
     importFrom("graphics", "abline", "lines", "text")
     importFrom("utils", "combn")
    to your NAMESPACE file.
Flavors: r-devel-linux-x86_64-debian-clang, r-devel-linux-x86_64-debian-gcc, r-devel-linux-x86_64-fedora-clang, r-devel-linux-x86_64-fedora-gcc, r-devel-windows-ix86+x86_64, r-patched-linux-x86_64, r-patched-solaris-x86, r-release-linux-x86_64, r-release-macos-x86_64, r-release-windows-ix86+x86_64

Version: 1.1
Check: R code for possible problems
Result: NOTE
    coef_traceplot: no visible global function definition for ‘rainbow’
    coef_traceplot: no visible global function definition for ‘plot’
    coef_traceplot: no visible global function definition for ‘abline’
    coef_traceplot : <anonymous>: no visible global function definition for
     ‘lines’
    coef_traceplot: no visible global function definition for ‘text’
    ee.GEE.aux : <anonymous>: no visible global function definition for
     ‘combn’
    Undefined global functions or variables:
     abline combn lines plot rainbow text
    Consider adding
     importFrom("grDevices", "rainbow")
     importFrom("graphics", "abline", "lines", "plot", "text")
     importFrom("utils", "combn")
    to your NAMESPACE file.
Flavors: r-oldrel-macos-x86_64, r-oldrel-windows-ix86+x86_64