Last updated on 2020-12-31 00:47:00 CET.
Flavor | Version | Tinstall | Tcheck | Ttotal | Status | Flags |
---|---|---|---|---|---|---|
r-devel-linux-x86_64-debian-clang | 0.15 | 11.48 | 86.72 | 98.20 | OK | |
r-devel-linux-x86_64-debian-gcc | 0.15 | 9.10 | 64.28 | 73.38 | OK | |
r-devel-linux-x86_64-fedora-clang | 0.15 | 127.32 | NOTE | |||
r-devel-linux-x86_64-fedora-gcc | 0.15 | 113.68 | NOTE | |||
r-devel-windows-ix86+x86_64 | 0.15 | 26.00 | 113.00 | 139.00 | OK | |
r-patched-linux-x86_64 | 0.15 | 10.08 | 79.84 | 89.92 | OK | |
r-patched-solaris-x86 | 0.15 | 155.60 | NOTE | |||
r-release-linux-x86_64 | 0.15 | 10.59 | 81.43 | 92.02 | OK | |
r-release-macos-x86_64 | 0.15 | NOTE | ||||
r-release-windows-ix86+x86_64 | 0.15 | 27.00 | 89.00 | 116.00 | OK | |
r-oldrel-macos-x86_64 | 0.15 | NOTE | ||||
r-oldrel-windows-ix86+x86_64 | 0.15 | 17.00 | 81.00 | 98.00 | OK |
Version: 0.15
Check: dependencies in R code
Result: NOTE
Namespaces in Imports field not imported from:
‘crayon’ ‘purrr’ ‘readr’
All declared Imports should be used.
Flavors: r-devel-linux-x86_64-fedora-clang, r-devel-linux-x86_64-fedora-gcc, r-patched-solaris-x86, r-release-macos-x86_64, r-oldrel-macos-x86_64