CRAN Package Check Results for Package telefit

Last updated on 2020-12-31 00:47:00 CET.

Flavor Version Tinstall Tcheck Ttotal Status Flags
r-devel-linux-x86_64-debian-clang 1.0.3 266.18 162.19 428.37 OK
r-devel-linux-x86_64-debian-gcc 1.0.3 178.26 119.77 298.03 OK
r-devel-linux-x86_64-fedora-clang 1.0.3 523.65 NOTE
r-devel-linux-x86_64-fedora-gcc 1.0.3 476.64 OK
r-devel-windows-ix86+x86_64 1.0.3 593.00 296.00 889.00 NOTE
r-patched-linux-x86_64 1.0.3 198.50 149.64 348.14 OK
r-patched-solaris-x86 1.0.3 509.60 OK
r-release-linux-x86_64 1.0.3 209.83 149.02 358.85 OK
r-release-macos-x86_64 1.0.3 NOTE
r-release-windows-ix86+x86_64 1.0.3 593.00 304.00 897.00 NOTE
r-oldrel-macos-x86_64 1.0.3 NOTE
r-oldrel-windows-ix86+x86_64 1.0.3 390.00 212.00 602.00 NOTE

Check Details

Version: 1.0.3
Check: installed package size
Result: NOTE
     installed size is 19.8Mb
     sub-directories of 1Mb or more:
     data 2.4Mb
     libs 17.0Mb
Flavors: r-devel-linux-x86_64-fedora-clang, r-devel-windows-ix86+x86_64, r-release-macos-x86_64, r-release-windows-ix86+x86_64, r-oldrel-macos-x86_64, r-oldrel-windows-ix86+x86_64